{"id":10032,"date":"2025-04-01T09:24:11","date_gmt":"2025-04-01T09:24:11","guid":{"rendered":"https:\/\/blog.altegio.cloud\/blog-principal\/"},"modified":"2025-07-03T14:24:36","modified_gmt":"2025-07-03T14:24:36","slug":"blog","status":"publish","type":"page","link":"https:\/\/alteg.io\/pt\/blog\/","title":{"rendered":"Blog Principal"},"content":{"rendered":"\t\t<div data-elementor-type=\"wp-post\" data-elementor-id=\"10032\" class=\"elementor elementor-10032 elementor-9636\" data-elementor-post-type=\"page\">\n\t\t\t\t<div class=\"elementor-element elementor-element-8497237 e-flex e-con-boxed e-con e-parent\" data-id=\"8497237\" data-element_type=\"container\" data-e-type=\"container\">\n\t\t\t\t\t<div class=\"e-con-inner\">\n\t\t\t\t<div class=\"elementor-element elementor-element-f731938 elementor-widget elementor-widget-heading\" data-id=\"f731938\" data-element_type=\"widget\" data-e-type=\"widget\" data-widget_type=\"heading.default\">\n\t\t\t\t\t<h1 class=\"elementor-heading-title elementor-size-default\">Blog do Altegio<\/h1>\t\t\t\t<\/div>\n\t\t<div class=\"elementor-element elementor-element-6fe7223 e-flex e-con-boxed e-con e-child\" data-id=\"6fe7223\" data-element_type=\"container\" data-e-type=\"container\">\n\t\t\t\t\t<div class=\"e-con-inner\">\n\t\t\t\t<div class=\"elementor-element elementor-element-b1867a5 elementor-widget__width-initial elementor-widget-mobile__width-inherit elementor-widget elementor-widget-text-editor\" data-id=\"b1867a5\" data-element_type=\"widget\" data-e-type=\"widget\" data-widget_type=\"text-editor.default\">\n\t\t\t\t\t\t\t\t\t<p>Mergulhe nas atualiza\u00e7\u00f5es dos produtos Altegio, nas not\u00edcias da empresa e no conte\u00fado educacional sobre como os propriet\u00e1rios e administradores de empresas podem aproveitar os lucros.<\/p>\t\t\t\t\t\t\t\t<\/div>\n\t\t\t\t\t<\/div>\n\t\t\t\t<\/div>\n\t\t\t\t\t<\/div>\n\t\t\t\t<\/div>\n\t\t<div class=\"elementor-element elementor-element-323e198 e-flex e-con-boxed e-con e-parent\" data-id=\"323e198\" data-element_type=\"container\" data-e-type=\"container\">\n\t\t\t\t\t<div class=\"e-con-inner\">\n\t\t\t\t<div class=\"elementor-element elementor-element-f343090 elementor-widget elementor-widget-heading\" data-id=\"f343090\" data-element_type=\"widget\" data-e-type=\"widget\" data-widget_type=\"heading.default\">\n\t\t\t\t\t<h2 class=\"elementor-heading-title elementor-size-default\">Publica\u00e7\u00f5es recentes<\/h2>\t\t\t\t<\/div>\n\t\t\t\t\t<\/div>\n\t\t\t\t<\/div>\n\t\t<div class=\"elementor-element elementor-element-be100d5 e-flex e-con-boxed e-con e-parent\" data-id=\"be100d5\" data-element_type=\"container\" data-e-type=\"container\">\n\t\t\t\t\t<div class=\"e-con-inner\">\n\t\t<div class=\"elementor-element elementor-element-277fc4f e-con-full e-flex e-con e-child\" data-id=\"277fc4f\" data-element_type=\"container\" data-e-type=\"container\">\n\t\t\t\t<div class=\"elementor-element elementor-element-3068135 elementor-grid-1 elementor-posts--align-left elementor-widget__width-inherit fiximg elementor-grid-tablet-2 elementor-grid-mobile-1 elementor-posts--thumbnail-top elementor-widget elementor-widget-posts\" data-id=\"3068135\" data-element_type=\"widget\" data-e-type=\"widget\" data-settings=\"{&quot;classic_columns&quot;:&quot;1&quot;,&quot;classic_columns_tablet&quot;:&quot;2&quot;,&quot;classic_columns_mobile&quot;:&quot;1&quot;,&quot;classic_row_gap&quot;:{&quot;unit&quot;:&quot;px&quot;,&quot;size&quot;:35,&quot;sizes&quot;:[]},&quot;classic_row_gap_tablet&quot;:{&quot;unit&quot;:&quot;px&quot;,&quot;size&quot;:&quot;&quot;,&quot;sizes&quot;:[]},&quot;classic_row_gap_mobile&quot;:{&quot;unit&quot;:&quot;px&quot;,&quot;size&quot;:&quot;&quot;,&quot;sizes&quot;:[]}}\" data-widget_type=\"posts.classic\">\n\t\t\t\t<div class=\"elementor-widget-container\">\n\t\t\t\t\t\t\t<div class=\"elementor-posts-container elementor-posts elementor-posts--skin-classic elementor-grid\" role=\"list\">\n\t\t\t\t<article class=\"elementor-post elementor-grid-item post-17873 post type-post status-publish format-standard has-post-thumbnail hentry category-negocio entry\" role=\"listitem\">\n\t\t\t\t<a class=\"elementor-post__thumbnail__link\" href=\"https:\/\/alteg.io\/pt\/blog\/dicas-para-gerir-stocks-no-salao-7\/\" tabindex=\"-1\" >\n\t\t\t<div class=\"elementor-post__thumbnail\"><img loading=\"lazy\" decoding=\"async\" width=\"750\" height=\"409\" src=\"https:\/\/alteg.io\/blog\/wp-content\/uploads\/2026\/02\/\u0438\u0437\u043e\u0431\u0440\u0430\u0436\u0435\u043d\u0438\u0435_2026-02-08_135527762-1024x559.png\" class=\"attachment-large size-large wp-image-17876\" alt=\"\" style=\"width:100%;height:54.55%;max-width:1408px\" srcset=\"https:\/\/alteg.io\/blog\/wp-content\/uploads\/2026\/02\/\u0438\u0437\u043e\u0431\u0440\u0430\u0436\u0435\u043d\u0438\u0435_2026-02-08_135527762-1024x559.png 1024w, https:\/\/alteg.io\/blog\/wp-content\/uploads\/2026\/02\/\u0438\u0437\u043e\u0431\u0440\u0430\u0436\u0435\u043d\u0438\u0435_2026-02-08_135527762-300x164.png 300w, https:\/\/alteg.io\/blog\/wp-content\/uploads\/2026\/02\/\u0438\u0437\u043e\u0431\u0440\u0430\u0436\u0435\u043d\u0438\u0435_2026-02-08_135527762-768x419.png 768w, https:\/\/alteg.io\/blog\/wp-content\/uploads\/2026\/02\/\u0438\u0437\u043e\u0431\u0440\u0430\u0436\u0435\u043d\u0438\u0435_2026-02-08_135527762.png 1408w\" sizes=\"auto, (max-width: 750px) 100vw, 750px\" \/><\/div>\n\t\t<\/a>\n\t\t\t\t<div class=\"elementor-post__text\">\n\t\t\t\t<h2 class=\"elementor-post__title\">\n\t\t\t<a href=\"https:\/\/alteg.io\/pt\/blog\/dicas-para-gerir-stocks-no-salao-7\/\" >\n\t\t\t\t7 Dicas para Gerir Stocks no Sal\u00e3o com Sucesso\t\t\t<\/a>\n\t\t<\/h2>\n\t\t\t\t<div class=\"elementor-post__meta-data\">\n\t\t\t\t\t<span class=\"elementor-post-date\">\n\t\t\tFebruary 25, 2026\t\t<\/span>\n\t\t\t\t<\/div>\n\t\t\t\t<div class=\"elementor-post__excerpt\">\n\t\t\t<p>A gest\u00e3o de stocks pode parecer apenas mais uma tarefa nos sal\u00f5es de beleza, mas pequenos detalhes fazem uma diferen\u00e7a enorme. Surpreenda-se ao saber que\u00a0a utiliza\u00e7\u00e3o de software de gest\u00e3o<\/p>\n\t\t<\/div>\n\t\t\t\t<\/div>\n\t\t\t\t<\/article>\n\t\t\t\t<\/div>\n\t\t\n\t\t\t\t\t\t<\/div>\n\t\t\t\t<\/div>\n\t\t\t\t<\/div>\n\t\t<div class=\"elementor-element elementor-element-9185450 e-con-full elementor-hidden-mobile fiximg e-flex e-con e-child\" data-id=\"9185450\" data-element_type=\"container\" data-e-type=\"container\">\n\t\t\t\t<div class=\"elementor-element elementor-element-b855823 elementor-grid-1 elementor-posts--thumbnail-left elementor-posts--align-left elementor-widget__width-initial elementor-grid-tablet-2 elementor-grid-mobile-1 elementor-widget elementor-widget-posts\" data-id=\"b855823\" data-element_type=\"widget\" data-e-type=\"widget\" data-settings=\"{&quot;classic_columns&quot;:&quot;1&quot;,&quot;classic_columns_tablet&quot;:&quot;2&quot;,&quot;classic_columns_mobile&quot;:&quot;1&quot;,&quot;classic_row_gap&quot;:{&quot;unit&quot;:&quot;px&quot;,&quot;size&quot;:35,&quot;sizes&quot;:[]},&quot;classic_row_gap_tablet&quot;:{&quot;unit&quot;:&quot;px&quot;,&quot;size&quot;:&quot;&quot;,&quot;sizes&quot;:[]},&quot;classic_row_gap_mobile&quot;:{&quot;unit&quot;:&quot;px&quot;,&quot;size&quot;:&quot;&quot;,&quot;sizes&quot;:[]}}\" data-widget_type=\"posts.classic\">\n\t\t\t\t<div class=\"elementor-widget-container\">\n\t\t\t\t\t\t\t<div class=\"elementor-posts-container elementor-posts elementor-posts--skin-classic elementor-grid\" role=\"list\">\n\t\t\t\t<article class=\"elementor-post elementor-grid-item post-17849 post type-post status-publish format-standard has-post-thumbnail hentry category-negocio entry\" role=\"listitem\">\n\t\t\t\t<a class=\"elementor-post__thumbnail__link\" href=\"https:\/\/alteg.io\/pt\/blog\/tipos-de-agendamento-online-7\/\" tabindex=\"-1\" >\n\t\t\t<div class=\"elementor-post__thumbnail\"><img loading=\"lazy\" decoding=\"async\" width=\"1408\" height=\"768\" src=\"https:\/\/alteg.io\/blog\/wp-content\/uploads\/2026\/02\/\u0438\u0437\u043e\u0431\u0440\u0430\u0436\u0435\u043d\u0438\u0435_2026-02-08_134357300.png\" class=\"attachment-full size-full wp-image-17852\" alt=\"\" style=\"width:100%;height:54.55%;max-width:1408px\" srcset=\"https:\/\/alteg.io\/blog\/wp-content\/uploads\/2026\/02\/\u0438\u0437\u043e\u0431\u0440\u0430\u0436\u0435\u043d\u0438\u0435_2026-02-08_134357300.png 1408w, https:\/\/alteg.io\/blog\/wp-content\/uploads\/2026\/02\/\u0438\u0437\u043e\u0431\u0440\u0430\u0436\u0435\u043d\u0438\u0435_2026-02-08_134357300-300x164.png 300w, https:\/\/alteg.io\/blog\/wp-content\/uploads\/2026\/02\/\u0438\u0437\u043e\u0431\u0440\u0430\u0436\u0435\u043d\u0438\u0435_2026-02-08_134357300-1024x559.png 1024w, https:\/\/alteg.io\/blog\/wp-content\/uploads\/2026\/02\/\u0438\u0437\u043e\u0431\u0440\u0430\u0436\u0435\u043d\u0438\u0435_2026-02-08_134357300-768x419.png 768w\" sizes=\"auto, (max-width: 1408px) 100vw, 1408px\" \/><\/div>\n\t\t<\/a>\n\t\t\t\t<div class=\"elementor-post__text\">\n\t\t\t\t<h2 class=\"elementor-post__title\">\n\t\t\t<a href=\"https:\/\/alteg.io\/pt\/blog\/tipos-de-agendamento-online-7\/\" >\n\t\t\t\t7 Tipos de Agendamento Online que Vai Precisar\t\t\t<\/a>\n\t\t<\/h2>\n\t\t\t\t<div class=\"elementor-post__meta-data\">\n\t\t\t\t\t<span class=\"elementor-post-date\">\n\t\t\tFebruary 20, 2026\t\t<\/span>\n\t\t\t\t<\/div>\n\t\t\t\t<div class=\"elementor-post__excerpt\">\n\t\t\t<p>Os tipos de agendamento online est\u00e3o a transformar o modo como marcamos consultas, reservas e compromissos profissionais diariamente. Surpreende pensar que sistemas digitais de reserva<\/p>\n\t\t<\/div>\n\t\t\t\t<\/div>\n\t\t\t\t<\/article>\n\t\t\t\t<article class=\"elementor-post elementor-grid-item post-17816 post type-post status-publish format-standard has-post-thumbnail hentry category-negocio entry\" role=\"listitem\">\n\t\t\t\t<a class=\"elementor-post__thumbnail__link\" href=\"https:\/\/alteg.io\/pt\/blog\/dicas-para-melhorar-agendamentos-online-7\/\" tabindex=\"-1\" >\n\t\t\t<div class=\"elementor-post__thumbnail\"><img loading=\"lazy\" decoding=\"async\" width=\"1408\" height=\"768\" src=\"https:\/\/alteg.io\/blog\/wp-content\/uploads\/2026\/02\/\u0438\u0437\u043e\u0431\u0440\u0430\u0436\u0435\u043d\u0438\u0435_2026-02-08_132534059.png\" class=\"attachment-full size-full wp-image-17819\" alt=\"\" style=\"width:100%;height:54.55%;max-width:1408px\" srcset=\"https:\/\/alteg.io\/blog\/wp-content\/uploads\/2026\/02\/\u0438\u0437\u043e\u0431\u0440\u0430\u0436\u0435\u043d\u0438\u0435_2026-02-08_132534059.png 1408w, https:\/\/alteg.io\/blog\/wp-content\/uploads\/2026\/02\/\u0438\u0437\u043e\u0431\u0440\u0430\u0436\u0435\u043d\u0438\u0435_2026-02-08_132534059-300x164.png 300w, https:\/\/alteg.io\/blog\/wp-content\/uploads\/2026\/02\/\u0438\u0437\u043e\u0431\u0440\u0430\u0436\u0435\u043d\u0438\u0435_2026-02-08_132534059-1024x559.png 1024w, https:\/\/alteg.io\/blog\/wp-content\/uploads\/2026\/02\/\u0438\u0437\u043e\u0431\u0440\u0430\u0436\u0435\u043d\u0438\u0435_2026-02-08_132534059-768x419.png 768w\" sizes=\"auto, (max-width: 1408px) 100vw, 1408px\" \/><\/div>\n\t\t<\/a>\n\t\t\t\t<div class=\"elementor-post__text\">\n\t\t\t\t<h2 class=\"elementor-post__title\">\n\t\t\t<a href=\"https:\/\/alteg.io\/pt\/blog\/dicas-para-melhorar-agendamentos-online-7\/\" >\n\t\t\t\t7 Dicas para Melhorar Agendamentos Online\t\t\t<\/a>\n\t\t<\/h2>\n\t\t\t\t<div class=\"elementor-post__meta-data\">\n\t\t\t\t\t<span class=\"elementor-post-date\">\n\t\t\tFebruary 17, 2026\t\t<\/span>\n\t\t\t\t<\/div>\n\t\t\t\t<div class=\"elementor-post__excerpt\">\n\t\t\t<p>Gerir reservas tornou-se uma verdadeira maratona para muitos neg\u00f3cios. Plataformas digitais prometem resolver tudo num clique, com promessas de efici\u00eancia e menos dores de cabe\u00e7a.<\/p>\n\t\t<\/div>\n\t\t\t\t<\/div>\n\t\t\t\t<\/article>\n\t\t\t\t<\/div>\n\t\t\n\t\t\t\t\t\t<\/div>\n\t\t\t\t<\/div>\n\t\t\t\t<\/div>\n\t\t\t\t\t<\/div>\n\t\t\t\t<\/div>\n\t\t<div class=\"elementor-element elementor-element-b0d6606 e-flex e-con-boxed e-con e-parent\" data-id=\"b0d6606\" data-element_type=\"container\" data-e-type=\"container\">\n\t\t\t\t\t<div class=\"e-con-inner\">\n\t\t\t\t<div class=\"elementor-element elementor-element-e77618d elementor-widget elementor-widget-heading\" data-id=\"e77618d\" data-element_type=\"widget\" data-e-type=\"widget\" data-widget_type=\"heading.default\">\n\t\t\t\t\t<h2 class=\"elementor-heading-title elementor-size-default\">Todas as postagens do blog<\/h2>\t\t\t\t<\/div>\n\t\t\t\t<div class=\"elementor-element elementor-element-c015db2 elementor-posts--align-left elementor-widget__width-initial fiximg elementor-grid-3 elementor-grid-tablet-2 elementor-grid-mobile-1 elementor-posts--thumbnail-top elementor-widget elementor-widget-posts\" data-id=\"c015db2\" data-element_type=\"widget\" data-e-type=\"widget\" data-settings=\"{&quot;pagination_type&quot;:&quot;numbers_and_prev_next&quot;,&quot;classic_columns&quot;:&quot;3&quot;,&quot;classic_columns_tablet&quot;:&quot;2&quot;,&quot;classic_columns_mobile&quot;:&quot;1&quot;,&quot;classic_row_gap&quot;:{&quot;unit&quot;:&quot;px&quot;,&quot;size&quot;:35,&quot;sizes&quot;:[]},&quot;classic_row_gap_tablet&quot;:{&quot;unit&quot;:&quot;px&quot;,&quot;size&quot;:&quot;&quot;,&quot;sizes&quot;:[]},&quot;classic_row_gap_mobile&quot;:{&quot;unit&quot;:&quot;px&quot;,&quot;size&quot;:&quot;&quot;,&quot;sizes&quot;:[]}}\" data-widget_type=\"posts.classic\">\n\t\t\t\t<div class=\"elementor-widget-container\">\n\t\t\t\t\t\t\t<div class=\"elementor-posts-container elementor-posts elementor-posts--skin-classic elementor-grid\" role=\"list\">\n\t\t\t\t<article class=\"elementor-post elementor-grid-item post-17759 post type-post status-publish format-standard has-post-thumbnail hentry category-negocio entry\" role=\"listitem\">\n\t\t\t\t<a class=\"elementor-post__thumbnail__link\" href=\"https:\/\/alteg.io\/pt\/blog\/como-otimizar-agendamentos\/\" tabindex=\"-1\" >\n\t\t\t<div class=\"elementor-post__thumbnail\"><img loading=\"lazy\" decoding=\"async\" width=\"750\" height=\"409\" src=\"https:\/\/alteg.io\/blog\/wp-content\/uploads\/2026\/02\/\u0438\u0437\u043e\u0431\u0440\u0430\u0436\u0435\u043d\u0438\u0435_2026-02-08_111203756-1024x559.png\" class=\"attachment-large size-large wp-image-17762\" alt=\"\" style=\"width:100%;height:54.55%;max-width:1408px\" srcset=\"https:\/\/alteg.io\/blog\/wp-content\/uploads\/2026\/02\/\u0438\u0437\u043e\u0431\u0440\u0430\u0436\u0435\u043d\u0438\u0435_2026-02-08_111203756-1024x559.png 1024w, https:\/\/alteg.io\/blog\/wp-content\/uploads\/2026\/02\/\u0438\u0437\u043e\u0431\u0440\u0430\u0436\u0435\u043d\u0438\u0435_2026-02-08_111203756-300x164.png 300w, https:\/\/alteg.io\/blog\/wp-content\/uploads\/2026\/02\/\u0438\u0437\u043e\u0431\u0440\u0430\u0436\u0435\u043d\u0438\u0435_2026-02-08_111203756-768x419.png 768w, https:\/\/alteg.io\/blog\/wp-content\/uploads\/2026\/02\/\u0438\u0437\u043e\u0431\u0440\u0430\u0436\u0435\u043d\u0438\u0435_2026-02-08_111203756.png 1408w\" sizes=\"auto, (max-width: 750px) 100vw, 750px\" \/><\/div>\n\t\t<\/a>\n\t\t\t\t<div class=\"elementor-post__text\">\n\t\t\t\t<h2 class=\"elementor-post__title\">\n\t\t\t<a href=\"https:\/\/alteg.io\/pt\/blog\/como-otimizar-agendamentos\/\" >\n\t\t\t\tComo otimizar agendamentos para aumentar a efici\u00eancia em 2025\t\t\t<\/a>\n\t\t<\/h2>\n\t\t\t\t<div class=\"elementor-post__meta-data\">\n\t\t\t\t\t<span class=\"elementor-post-date\">\n\t\t\tFebruary 13, 2026\t\t<\/span>\n\t\t\t\t<\/div>\n\t\t\t\t<div class=\"elementor-post__excerpt\">\n\t\t\t<p>Avaliar o seu sistema de agendamento pode parecer apenas mais uma tarefa administrativa. S\u00f3 que ao fazer uma an\u00e1lise detalhada,<\/p>\n\t\t<\/div>\n\t\t\t\t<\/div>\n\t\t\t\t<\/article>\n\t\t\t\t<article class=\"elementor-post elementor-grid-item post-17705 post type-post status-publish format-standard has-post-thumbnail hentry category-negocio entry\" role=\"listitem\">\n\t\t\t\t<a class=\"elementor-post__thumbnail__link\" href=\"https:\/\/alteg.io\/pt\/blog\/como-otimizar-horarios-fitness\/\" tabindex=\"-1\" >\n\t\t\t<div class=\"elementor-post__thumbnail\"><img loading=\"lazy\" decoding=\"async\" width=\"750\" height=\"409\" src=\"https:\/\/alteg.io\/blog\/wp-content\/uploads\/2026\/02\/\u0438\u0437\u043e\u0431\u0440\u0430\u0436\u0435\u043d\u0438\u0435_2026-02-08_105042126-1024x559.png\" class=\"attachment-large size-large wp-image-17708\" alt=\"\" style=\"width:100%;height:54.55%;max-width:1408px\" srcset=\"https:\/\/alteg.io\/blog\/wp-content\/uploads\/2026\/02\/\u0438\u0437\u043e\u0431\u0440\u0430\u0436\u0435\u043d\u0438\u0435_2026-02-08_105042126-1024x559.png 1024w, https:\/\/alteg.io\/blog\/wp-content\/uploads\/2026\/02\/\u0438\u0437\u043e\u0431\u0440\u0430\u0436\u0435\u043d\u0438\u0435_2026-02-08_105042126-300x164.png 300w, https:\/\/alteg.io\/blog\/wp-content\/uploads\/2026\/02\/\u0438\u0437\u043e\u0431\u0440\u0430\u0436\u0435\u043d\u0438\u0435_2026-02-08_105042126-768x419.png 768w, https:\/\/alteg.io\/blog\/wp-content\/uploads\/2026\/02\/\u0438\u0437\u043e\u0431\u0440\u0430\u0436\u0435\u043d\u0438\u0435_2026-02-08_105042126.png 1408w\" sizes=\"auto, (max-width: 750px) 100vw, 750px\" \/><\/div>\n\t\t<\/a>\n\t\t\t\t<div class=\"elementor-post__text\">\n\t\t\t\t<h2 class=\"elementor-post__title\">\n\t\t\t<a href=\"https:\/\/alteg.io\/pt\/blog\/como-otimizar-horarios-fitness\/\" >\n\t\t\t\tComo otimizar hor\u00e1rios fitness para maximizar resultados\t\t\t<\/a>\n\t\t<\/h2>\n\t\t\t\t<div class=\"elementor-post__meta-data\">\n\t\t\t\t\t<span class=\"elementor-post-date\">\n\t\t\tFebruary 10, 2026\t\t<\/span>\n\t\t\t\t<\/div>\n\t\t\t\t<div class=\"elementor-post__excerpt\">\n\t\t\t<p>Organizar hor\u00e1rios de treino parece simples e at\u00e9 intuitivo. No entanto, mais de\u00a060 por cento das pessoas que iniciam um<\/p>\n\t\t<\/div>\n\t\t\t\t<\/div>\n\t\t\t\t<\/article>\n\t\t\t\t<article class=\"elementor-post elementor-grid-item post-17651 post type-post status-publish format-standard has-post-thumbnail hentry category-negocio entry\" role=\"listitem\">\n\t\t\t\t<a class=\"elementor-post__thumbnail__link\" href=\"https:\/\/alteg.io\/pt\/blog\/fluxo-de-agendamento-para-saloes\/\" tabindex=\"-1\" >\n\t\t\t<div class=\"elementor-post__thumbnail\"><img loading=\"lazy\" decoding=\"async\" width=\"750\" height=\"409\" src=\"https:\/\/alteg.io\/blog\/wp-content\/uploads\/2026\/02\/1757647475563_image_1757647475416-1024x559.jpg\" class=\"attachment-large size-large wp-image-17654\" alt=\"\" style=\"width:100%;height:54.55%;max-width:1408px\" srcset=\"https:\/\/alteg.io\/blog\/wp-content\/uploads\/2026\/02\/1757647475563_image_1757647475416-1024x559.jpg 1024w, https:\/\/alteg.io\/blog\/wp-content\/uploads\/2026\/02\/1757647475563_image_1757647475416-300x164.jpg 300w, https:\/\/alteg.io\/blog\/wp-content\/uploads\/2026\/02\/1757647475563_image_1757647475416-768x419.jpg 768w, https:\/\/alteg.io\/blog\/wp-content\/uploads\/2026\/02\/1757647475563_image_1757647475416.jpg 1408w\" sizes=\"auto, (max-width: 750px) 100vw, 750px\" \/><\/div>\n\t\t<\/a>\n\t\t\t\t<div class=\"elementor-post__text\">\n\t\t\t\t<h2 class=\"elementor-post__title\">\n\t\t\t<a href=\"https:\/\/alteg.io\/pt\/blog\/fluxo-de-agendamento-para-saloes\/\" >\n\t\t\t\tFluxo de Agendamento para Sal\u00f5es: Organize e Maximize Seus Atendimentos\t\t\t<\/a>\n\t\t<\/h2>\n\t\t\t\t<div class=\"elementor-post__meta-data\">\n\t\t\t\t\t<span class=\"elementor-post-date\">\n\t\t\tFebruary 6, 2026\t\t<\/span>\n\t\t\t\t<\/div>\n\t\t\t\t<div class=\"elementor-post__excerpt\">\n\t\t\t<p>Melhorar o sistema de agendamentos num sal\u00e3o pode parecer um detalhe pequeno, mas \u00e9 ali que se pode ganhar ou<\/p>\n\t\t<\/div>\n\t\t\t\t<\/div>\n\t\t\t\t<\/article>\n\t\t\t\t<\/div>\n\t\t\n\t\t\t\t<div class=\"e-load-more-anchor\" data-page=\"1\" data-max-page=\"9\" data-next-page=\"https:\/\/alteg.io\/pt\/wp-json\/wp\/v2\/pages\/10032\/page\/2\/\"><\/div>\n\t\t\t\t<nav class=\"elementor-pagination\" aria-label=\"Pagination\">\n\t\t\t<span class=\"page-numbers prev\">\" Anterior<\/span>\n<span aria-current=\"page\" class=\"page-numbers current\"><span class=\"elementor-screen-only\">Page<\/span>1<\/span>\n<a class=\"page-numbers\" href=\"https:\/\/alteg.io\/pt\/wp-json\/wp\/v2\/pages\/10032\/page\/2\/\"><span class=\"elementor-screen-only\">Page<\/span>2<\/a>\n<a class=\"page-numbers\" href=\"https:\/\/alteg.io\/pt\/wp-json\/wp\/v2\/pages\/10032\/page\/3\/\"><span class=\"elementor-screen-only\">Page<\/span>3<\/a>\n<a class=\"page-numbers\" href=\"https:\/\/alteg.io\/pt\/wp-json\/wp\/v2\/pages\/10032\/page\/4\/\"><span class=\"elementor-screen-only\">Page<\/span>4<\/a>\n<a class=\"page-numbers\" href=\"https:\/\/alteg.io\/pt\/wp-json\/wp\/v2\/pages\/10032\/page\/5\/\"><span class=\"elementor-screen-only\">Page<\/span>5<\/a>\n<a class=\"page-numbers next\" href=\"https:\/\/alteg.io\/pt\/wp-json\/wp\/v2\/pages\/10032\/page\/2\/\">Pr\u00f3ximo \"<\/a>\t\t<\/nav>\n\t\t\t\t\t\t<\/div>\n\t\t\t\t<\/div>\n\t\t\t\t\t<\/div>\n\t\t\t\t<\/div>\n\t\t\t\t<\/div>\n\t\t","protected":false},"excerpt":{"rendered":"<p>Blog do Altegio Mergulhe nas atualiza\u00e7\u00f5es dos produtos Altegio, nas not\u00edcias da empresa e no conte\u00fado educacional sobre como os propriet\u00e1rios e administradores de empresas podem aproveitar os lucros. Publica\u00e7\u00f5es recentes Todas as postagens do blog<\/p>\n","protected":false},"author":3,"featured_media":0,"parent":0,"menu_order":0,"comment_status":"closed","ping_status":"closed","template":"elementor_header_footer","meta":{"_monsterinsights_skip_tracking":false,"_monsterinsights_sitenote_active":false,"_monsterinsights_sitenote_note":"","_monsterinsights_sitenote_category":0,"footnotes":""},"class_list":["post-10032","page","type-page","status-publish","hentry","entry"],"aioseo_notices":[],"_links":{"self":[{"href":"https:\/\/alteg.io\/pt\/blog\/wp-json\/wp\/v2\/pages\/10032","targetHints":{"allow":["GET"]}}],"collection":[{"href":"https:\/\/alteg.io\/pt\/blog\/wp-json\/wp\/v2\/pages"}],"about":[{"href":"https:\/\/alteg.io\/pt\/blog\/wp-json\/wp\/v2\/types\/page"}],"author":[{"embeddable":true,"href":"https:\/\/alteg.io\/pt\/blog\/wp-json\/wp\/v2\/users\/3"}],"replies":[{"embeddable":true,"href":"https:\/\/alteg.io\/pt\/blog\/wp-json\/wp\/v2\/comments?post=10032"}],"version-history":[{"count":1,"href":"https:\/\/alteg.io\/pt\/blog\/wp-json\/wp\/v2\/pages\/10032\/revisions"}],"predecessor-version":[{"id":10035,"href":"https:\/\/alteg.io\/pt\/blog\/wp-json\/wp\/v2\/pages\/10032\/revisions\/10035"}],"wp:attachment":[{"href":"https:\/\/alteg.io\/pt\/blog\/wp-json\/wp\/v2\/media?parent=10032"}],"curies":[{"name":"wp","href":"https:\/\/api.w.org\/{rel}","templated":true}]}}